6
Calculate the remainder when 4938086 is divided by 50388.
62
Calculate the remainder when 361561 is divided by 45146.
393
What is the remainder when 3655187 is divided by 837?
8
What is the remainder when 655189 is divided by 43555?
1864
What is the remainder when 280058 is divided by 46667?
56
What is the remainder when 4506541 is divided by 1502180?
1
Calculate the remainder when 920143 is divided by 568.
551
Calculate the remainder when 19946 is divided by 6383.
797
What is the remainder when 37584443 is divided by 727?
724
Calculate the remainder when 21629483 is divided by 684.
35
Calculate the remainder when 35161 is divided by 2400.
1561
Calculate the remainder when 188976 is divided by 8029.
4309
What is the remainder when 12850682 is divided by 585?
572
Calculate the remainder when 233734 is divided by 63.
4
What is the remainder when 915978 is divided by 1276?
1086
What is the remainder when 281775 is divided by 668?
547
What is the remainder when 934997 is divided by 3351?
68
Calculate the remainder when 52406149 is divided by 8.
5
Calculate the remainder when 3894575 is divided by 1298153.
116
Calculate the remainder when 1762077 is divided by 153.
129
Calculate the remainder when 31904926 is divided by 2429.
11
What is the remainder when 3088687 is divided by 32?
15
What is the remainder when 1861312 is divided by 49?
47
What is the remainder when 2012036 is divided by 10762?
10304
What is the remainder when 404778 is divided by 134892?
102
What is the remainder when 26864 is divided by 8444?
1532
Calculate the remainder when 512067 is divided by 67.
53
Calculate the remainder when 94320 is divided by 10349.
1179
What is the remainder when 112979 is divided by 3423?
20
Calculate the remainder when 443999 is divided by 195.
179
What is the remainder when 877196 is divided by 2012?
1976
What is the remainder when 312885 is divided by 11080?
2645
What is the remainder when 1571622909 is divided by 430?
429
Calculate the remainder when 4305049 is divided by 248.
17
What is the remainder when 15585284 is divided by 464?
452
What is the remainder when 11238114 is divided by 109?
105
What is the remainder when 1646204 is divided by 1172?
716
Calculate the remainder when 71160 is divided by 23396.
972
What is the remainder when 22787 is divided by 5601?
383
What is the remainder when 4411547 is divided by 14?
7
What is the remainder when 1575638 is divided by 2865?
2753
Calculate the remainder when 2715066 is divided by 5.
1
What is the remainder when 74399 is divided by 5718?
65
Calculate the remainder when 623029 is divided by 124208.
1989
What is the remainder when 901824 is divided by 115?
109
Calculate the remainder when 80685 is divided by 747.
9
What is the remainder when 42944825 is divided by 178?
11
Calculate the remainder when 582353 is divided by 719.
682
Calculate the remainder when 43368730 is divided by 697.
693
Calculate the remainder when 37070945 is divided by 623.
576
Calculate the remainder when 598500 is divided by 149614.
44
Calculate the remainder when 339275 is divided by 787.
78
What is the remainder when 22081 is divided by 223?
4
What is the remainder when 14359147 is divided by 90?
7
Calculate the remainder when 16919340 is divided by 116685.
15
Calculate the remainder when 176368 is divided by 35120.
768
What is the remainder when 967821 is divided by 11251?
235
What is the remainder when 138153 is divided by 7956?
2901
What is the remainder when 1595341 is divided by 519?
454
Calculate the remainder when 396071 is divided by 396044.
27
Calculate the remainder when 11160679 is divided by 296.
295
What is the remainder when 63703845 is divided by 11283?
27
Calculate the remainder when 121044 is divided by 10085.
24
Calculate the remainder when 1475760 is divided by 331.
162
Calculate the remainder when 12998 is divided by 1328.
1046
What is the remainder when 100076501 is divided by 219466?
5
What is the remainder when 58921 is divided by 28747?
1427
Calculate the remainder when 2129532 is divided by 709835.
27
Calculate the remainder when 47472722 is divided by 47472712.
10
Calculate the remainder when 37933933 is divided by 3055.
3053
What is the remainder when 163611 is divided by 348?
51
Calculate the remainder when 547487 is divided by 1456.
31
What is the remainder when 2295029 is divided by 13?
9
Calculate the remainder when 39991142 is divided by 145.
142
Calculate the remainder when 611473 is divided by 16985.
13
What is the remainder when 3235063 is divided by 207?
67
What is the remainder when 1095641 is divided by 182563?
263
What is the remainder when 678164 is divided by 730?
724
What is the remainder when 11049941 is divided by 1744?
1701
What is the remainder when 1218246 is divided by 3275?
3221
What is the remainder when 160673597 is divided by 5?
2
Calculate the remainder when 202391 is divided by 8787.
290
What is the remainder when 189072 is divided by 395?
262
What is the remainder when 14486775 is divided by 1286?
1271
Calculate the remainder when 106341 is divided by 26455.
521
Calculate the remainder when 29266832 is divided by 21.
14
Calculate the remainder when 35886039 is divided by 78.
33
What is the remainder when 1348300 is divided by 509?
468
Calculate the remainder when 1177391 is divided by 836.
303
What is the remainder when 7765819 is divided by 388283?
159
Calculate the remainder when 1362065 is divided by 340443.
293
What is the remainder when 2030096422 is divided by 145?
142
What is the remainder when 151333 is divided by 37833?
1
What is the remainder when 49145 is divided by 47591?
1554
Calculate the remainder when 3473466 is divided by 1736710.
46
What is the remainder when 899586 is divided by 7?
2
What is the remainder when 293273 is divided by 293235?
38
Calculate the remainder when 2943743 is divided by 1538.
11
What is the remainder when 146160 is divided by 29217?
75
What is the remainder when 280924 is divided by 2335?
724
What is the remainder when 137929 is divided by 4752?
121
Calculate the remainder when 414552 is divided by 5314.
60
Calculate the remainder when 164387 is divided by 81516.
1355
Calculate the remainder when 531481 is divided by 1902.
823
What is the remainder when 327795 is divided by 7971?
984
What is the remainder when 2791520 is divided by 317?
18
What is the remainder when 550637 is divided by 380?
17
What is the remainder when 2057176 is divided by 158235?
121
What is the remainder when 697419 is divided by 1230?
9
Calculate the remainder when 11507381 is divided by 3185.
3161
Calculate the remainder when 663710 is divided by 1277.
947
Calculate the remainder when 6088466 is divided by 3044223.
20
What is the remainder when 57404597 is divided by 3021294?
11
Calculate the remainder when 102979528 is divided by 9452.
9440
What is the remainder when 1787246 is divided by 77?
76
Calculate the remainder when 19340681 is divided by 6523.
6509
What is the remainder when 12736 is divided by 828?
316
What is the remainder when 2748057 is divided by 1582?
123
What is the remainder when 2971974 is divided by 247663?
18
What is the remainder when 655547 is divided by 3080?
2587
Calculate the remainder when 31595880 is divided by 8.
0
Calculate the remainder when 724888 is divided by 600.
88
Calculate the remainder when 5608397 is divided by 76.
53
Calculate the remainder when 36332 is divided by 266.
156
Calculate the remainder when 5530395 is divided by 32.
27
Calculate the remainder when 6957398 is divided by 3557.
3463
Calculate the remainder when 24905501 is divided by 2938.
75
Calculate the remainder when 2140644 is divided by 14763.
9
Calculate the remainder when 443460 is divided by 35.
10
Calculate the remainder when 1899520 is divided by 75.
70
Calculate the remainder when 738484 is divided by 73843.
54
Calculate the remainder when 1452309 is divided by 26.
1
Calculate the remainder when 66839530 is divided by 4221.
4216
What is the remainder when 271217 is divided by 3264?
305
Calculate the remainder when 85966 is divided by 834.
64
Calculate the remainder when 3713000 is divided by 70056.
32
What is the remainder when 1785975 is divided by 119065?
0
What is the remainder when 370676021 is divided by 578?
575
Calculate the remainde